ative of l**4/6 - 3*l**3/2 + 2*l**2. What is a(6)?
15
Let f(n) be the first derivative of -7*n**3/3 + n + 6. Give f(-1).
-6
Suppose -3 - 1 = 4*p. Let y be ((-6)/(-3) - 3) + p. Let g(c) = c**3 + 2*c**2 - c. Give g(y).
2
Let f(i) = -i**3 - 3*i**2 + 2*i - 5. Let o = -2 - -6. Suppose -18 = 2*q - 2*r, o*q + 40 = -q + 4*r. Give f(q).
3
Let j(f) = -4*f**3 + 4*f + 3*f**3 - 4 + 11 - 3*f**2 - 5. Give j(-4).
2
Let c(w) = -w**2 - 5*w + 6. Let l be c(-6). Let h(n) = -4 + l*n + 1 + n - 5*n. Let o = -5 + 3. Determine h(o).
5
Let k be 1*4 - (-52)/(-26). Let i(n) = -2*n + 1. Determine i(k).
-3
Let q(x) = x + 6. Let c be (1 - 3)*(-9)/(-6). Let n(h) = -5. Let u(k) = c*n(k) - 2*q(k). Let z(p) = -4*p**3. Let d be z(-1). Calculate u(d).
-5
Let j(v) = -v**2 - 8*v - 3. Let c(u) = -u**2 + u + 1. Let t be c(2). Let k be (t - 0)/((-5)/(-25)). Calculate j(k).
12
Let t = -8 - -4. Let n(p) = 3*p**2 + p - 1. Let j(u) = -8*u**2 - 2*u + 3. Let r(l) = 4*j(l) + 11*n(l). Give r(t).
5
Let x be ((-26)/(-65))/((-6)/5)*-6. Let c(o) be the third derivative of -1/12*o**5 + 1/6*o**3 + 0*o + 0*o**4 + 3*o**x + 0. Calculate c(1).
-4
Let n(r) be the first derivative of -7/2*r**2 + 1/3*r**3 + 6*r + 2. Give n(4).
-6
Let j(o) be the third derivative of 13*o**5/60 - o**4/6 - 7*o**3/6 + 2*o**2. Let n(q) = 20*q**2 - 6*q - 10. Let r(p) = -7*j(p) + 5*n(p). Determine r(-1).
10
Let u(k) = k**3 + 4*k**2 + k - 1. Let p(b) = 2*b**2 - b - 1. Let g be p(2). Suppose 0 = -g*r + 3*r + 6. Suppose 0*y + r = -y. Give u(y).
5
Let h(i) be the first derivative of -3*i**2/2 - 21. What is h(-1)?
3
Let w be (-23)/(-5) + (-14)/(-35). Let y(j) = -j**3 + 4*j**2 + 4*j - 5. Calculate y(w).
-10
Let f(j) be the second derivative of j - 1/2*j**2 + 0 - j**3. Let t(i) = i**2 + 8*i + 11. Let w be t(-6). What is f(w)?
5
Let j(a) = -a**2 - 6*a - 4. Let g(p) = p**2 - 4*p + 2. Let q be g(4). Suppose -m = -l + q*l + 3, 3*m = 4*l - 16. Give j(m).
4
Let b(x) = -x**2 + 7*x + 9. Let n(s) = -2*s**2 + 8*s + 10. Let l(j) = 3*b(j) - 2*n(j). Suppose -6 = 2*d + 4. What is l(d)?
7
Let z(i) = -2*i**2 + 6*i + 2*i**2 - 6 - 2*i**2 + 3*i**2. Determine z(-6).
-6
Let a = -47 + 44. Let r(j) = -5*j + 0*j - 1 - 2*j**2 + 4*j - 2*j. Give r(a).
-10
Suppose 0 = -4*x + 8*x + 3*q - 43, 42 = 4*x + 2*q. Suppose 3*t + 5*h + 22 = 0, h - 4*h = 5*t + x. Let v(s) = s**2 + 4 + 0*s**2 - 2*s**3 - 3 - s. What is v(t)?
-1
Let b(w) be the second derivative of w**7/2520 - w**6/360 - w**5/30 + w**4/6 + 2*w. Let f(v) be the third derivative of b(v). Give f(-3).
11
Let w(u) = -u + 5. Let p be w(3). Let o(i) = -5*i**2 + 2*i**p + 3 + 4*i**2 - 7*i + 4. What is o(6)?
1
Let v(c) = -4*c - 2. Let z = 17 + -19. Give v(z).
6
Let t(g) be the first derivative of g**4/4 - g - 2. Give t(1).
0
Let k = -3 - -6. Let c = 0 + k. Suppose c*b = b + 6. Let x(v) = v**2 - 2*v + 1. What is x(b)?
4
Let z(c) = c**3 - c**2 - 2*c + 1. Let d = -5 - -2. Let q = d - -5. What is z(q)?
1
Let q(l) be the first derivative of l**4/4 - 4*l**3/3 - 2*l**2 - 4*l - 13. Determine q(5).
1
Let x(z) be the second derivative of -z**3/6 - z**2/2 + 9*z. Let t = -2 + 3. Determine x(t).
-2
Suppose 8*m + 10 = -22. Let c(q) = 4*q + 2. Give c(m).
-14
Suppose 5*q + 10 = 35. Let o = q - 7. Let z(c) be the third derivative of c**4/12 + c**3/2 + 14*c**2. Give z(o).
-1
Let b(m) = m**2 + 5*m + 7. Suppose -6*o - 15 = -2*o + t, -45 = 4*o - 5*t. Let j be b(o). Let i(a) = a**2 - 7*a + 1. Determine i(j).
1
Suppose -4*q = -5*x - 1 - 7, 2*x + 3*q = -17. Let b(f) = -3*f + 3. Determine b(x).
15
Let t(i) = 5*i**3 - i**2 - i. Suppose -n - 2*n - 3 = 0. What is t(n)?
-5
Let w(z) = -z**3 + 4*z**2 - z + 2. Let y(r) = -r**2 + 7*r - 7. Let i be 1 - (-5 + 0/2). Let n be y(i). Let c be 4 - (n - (-2)/2). What is w(c)?
-2
Let l(c) = -27*c + 27. Let o be l(1). Let f(m) = 3 - m**2 + m**3 + m**2 + m. Determine f(o).
3
Suppose 13*j = 16*j + 9. Let y(d) = -d**3 - 3*d**2 + 6. Let u(m) = m**3 + 3*m**2 - 7. Let f(v) = 2*u(v) + 3*y(v). What is f(j)?
4
Let a(x) be the first derivative of 2*x**3/3 + 5*x**2/2 + 3*x + 26. Determine a(-4).
15
Let g(a) = -3*a + 7. Let q be g(3). Let o(t) be the third derivative of t**4/12 + t**3/3 - t**2. Calculate o(q).
-2
Let m(o) = -3*o - 19. Let n(d) = 2*d + 13. Let q(y) = 5*m(y) + 7*n(y). Calculate q(-4).
0
Let i(o) = -4 - 3*o - o**2 - 2*o + 0*o**2 - o. Let t(c) = c**2 - 5*c - 2. Let r be t(4). Determine i(r).
-4
Let q(y) = 16*y + 2. Let d(m) = -7*m - 1. Let k(w) = -9*d(w) - 4*q(w). Let f = -24 + 14. Let l be (f/(-8))/((-1)/4). Give k(l).
6
Let w be (3/9 - 3/9) + -2. Let g(x) = -4*x**3 - 2*x**2 + 2*x. What is g(w)?
20
Let u(n) be the second derivative of 1/60*n**5 + 3/2*n**2 + 5/24*n**4 + 1/2*n**3 + 0 + n. Let o(z) be the first derivative of u(z). Determine o(-5).
3
Let q(x) = x**2 - 2. Suppose 3*a - 50 = 8*a. Let w be (-3)/15 + (-22)/a. Calculate q(w).
2
Let r(m) = -m**2 + 3*m - 4. Let s be 27/(-5) - 6/(-15). Let f = s - -9. Determine r(f).
-8
Let h(s) = 5*s**2 - 16*s + 16. Let b(j) = j**2 - 3*j + 3. Let n(d) = -11*b(d) + 2*h(d). Let f = -37 + 38. Give n(f).
-1
Suppose -3*j - 2 - 1 = 0. Let s = j - -1. Let k(x) be the first derivative of x**4/4 + x**2/2 - 10*x - 1. Calculate k(s).
-10
Let s(y) = -3 - 5*y + 1 - 2 + 3. Let u = 1 + -2. What is s(u)?
4
Let x = 8 + -2. Let r be 1/(-2 + 10/4). Let z be 0/(r*(-3)/x). Let t(o) = -o**2 - o + 5. Calculate t(z).
5
Let d(s) be the second derivative of -2*s**3/3 + s. Suppose -11 = 4*f - 7. Give d(f).
4
Let z(i) = -i**3 - 3*i**2 - 1. Let q be -2 - ((-1 - -4) + -8). Suppose -8 - 1 = q*a. Determine z(a).
-1
Let u(d) = d**3 + 4*d**2 + 4*d - 1. Let t(g) = 7*g + 4. Let v be t(-1). Give u(v).
-4
Let h be (2 + 4)*(-1)/(-2). Let r(c) = -h - 2 + 8 + c**2 - c + 0*c. Calculate r(3).
9
Suppose 2*b = -x + 10, 0 = 3*b + 2*x - 10 - 7. Let o be 3/b*0 + 2. Let v(t) = 4 - 6*t + 3*t + t**o + 0*t**2. Give v(3).
4
Let y(o) be the second derivative of -o - 1/6*o**3 + 1/2*o**2 - 1/24*o**4 + 0 - 7/60*o**5. Let j(g) be the first derivative of y(g). What is j(-1)?
-7
Let b(i) = -6*i**2 + i - 1. Suppose 21*k = 23*k - 2. Calculate b(k).
-6
Let z(c) = 4*c**2 - 5*c + 1. Let v(p) = 4*p**2 - 6*p + 1. Let y be (1 + 0)/((-2)/10). Let t(h) = y*v(h) + 6*z(h). Suppose -3 = 12*b - 9*b. Calculate t(b).
5
Let m(c) = -2*c - 4. Let y be m(-3). Let p(u) = -u**3 + 2*u**2 - 2. Calculate p(y).
-2
Let q(p) = -p - 4. Let i(u) = u**3 + u**2 + u - 4. Let r be i(0). Let b be q(r). Let d(h) be the second derivative of -h**4/12 - 2*h**2 - 2*h. Determine d(b).
-4
Let d(v) = 13*v - 1. Let n be d(2). Let k = -20 + n. Let x(f) be the third derivative of f**6/120 - f**5/10 + f**4/8 + f**3 - f**2. Calculate x(k).
-4
Let h(d) = d. Let n(w) = w**3 - 11*w**2 + 4*w - 11. Let o(g) = -3*h(g) + n(g). Let j be o(11). Let q(a) = -a - 2. What is q(j)?
-2
Let k(j) be the second derivative of -5/2*j**2 + 3*j + 1/20*j**5 + 0*j**3 - 1/3*j**4 + 0. Give k(4).
-5
Let g(d) = -2*d**3 + 401*d + 2 - 4*d**2 - 403*d - 2 + 1. Give g(-2).
5
Let q be ((-4)/(-5))/(2/(-15)) - 0. Let o(w) = -w**2 - 5*w - 8. Give o(q).
-14
Let h(o) = -4 + 10*o**2 + o**3 + 1 + 8*o + 0. What is h(-9)?
6
Suppose -5*h + 10 = 0, 0 = q + 2*q + 5*h - 19. Let c(g) = -2 + g + q + 1. Determine c(-6).
-4
Let l(y) = y**3 + y**2 - y + 1. Let o(q) = 3*q**2 - q + 3. Let c(r) = -r - 4. Let j be c(-5). Let m(d) = j*o(d) - 2*l(d). Give m(2).
-9
Let o(q) be the second derivative of q**3/3 - 2*q**2 + q. Let u(d) = 5 + 6*d - 1 + d + d**2. Let t be u(-7). Determine o(t).
4
Let g(s) = 11*s - 2. Let a(w) = 7*w - 2. Let p(l) = 8*a(l) - 5*g(l). Let y be ((-1 + 1)/(-1))/1. Determine p(y).
-6
Let j(x) = -6*x. Suppose 0 = -2*k + 4 - 0. Suppose k*i = i + 12. Let a be 1/4 + i/16. Give j(a).
-6
Let o(g) be the third derivative of -g**6/120 + g**5/15 - 7*g**4/24 + g**3 - 24*g**2. Give o(4).
-22
Let o(n) = -1. Let k(g) = -g**2 + 3*g - 7. Suppose 4 = -2*m + 2. Let f(x) = m*k(x) + 6*o(x). What is f(3)?
1
Let c(w) = w + 5. Let x be c(-5). Let q = x - -3. Let p(l) = -q + 0 + 7*l + 1 + 5 + l**2. Determine p(-4).
-9
Let l(z) = 7*z + 1 - 7*z + 1 + z. Calculate l(6).
8
Let y(v) be the first derivative of -v**3/3 - v**2/2 - 36. Give y(2).
-6
Let r(g) = -g**2 + 17*g - 3. Let f be r(17). Let v(o) = -2*o - 1. What is v(f)?
5
Let q(w) be the first derivative of -3*w**2/2 + 2*w - 20. Determine q(-4).
14
Let w(q) = -q**2 + 9*q - 12. Let y 